{"id":479,"date":"2025-03-19T11:11:46","date_gmt":"2025-03-19T09:11:46","guid":{"rendered":"https:\/\/www.harjulanmusiikkileiri.fi\/?page_id=479"},"modified":"2025-03-21T18:25:34","modified_gmt":"2025-03-21T16:25:34","slug":"lea-jarvelainen","status":"publish","type":"page","link":"https:\/\/www.harjulanmusiikkileiri.fi\/?page_id=479","title":{"rendered":"Lea J\u00e4rvel\u00e4inen"},"content":{"rendered":"\n<p><br><\/p>\n\n\n\n<figure class=\"wp-block-image size-full is-resized\"><img loading=\"lazy\" decoding=\"async\" width=\"720\" height=\"960\" src=\"https:\/\/www.harjulanmusiikkileiri.fi\/wp-content\/uploads\/2025\/03\/lea.jpg\" alt=\"\" class=\"wp-image-480\" style=\"width:368px;height:auto\" srcset=\"https:\/\/www.harjulanmusiikkileiri.fi\/wp-content\/uploads\/2025\/03\/lea.jpg 720w, https:\/\/www.harjulanmusiikkileiri.fi\/wp-content\/uploads\/2025\/03\/lea-225x300.jpg 225w\" sizes=\"auto, (max-width: 720px) 100vw, 720px\" \/><\/figure>\n\n\n\n<p><br><br>Lea on valmistunut Savonia-AMK:sta pianopedagogiksi ja tehnyt my\u00f6s lauluopintoja. H\u00e4n opettaa Kuopion konservatorion Suonenjoen toimipisteess\u00e4 pianonsoittoa ja muha-aineita.<br><br>Vapaa-ajalla Lean voi n\u00e4hd\u00e4 esim. neulomassa, sienimets\u00e4ss\u00e4 tai (penkki)urheilemassa.<\/p>\n\n\n\n<p><\/p>\n","protected":false},"excerpt":{"rendered":"<p>Lea on valmistunut Savonia-AMK:sta pianopedagogiksi ja tehnyt my\u00f6s lauluopintoja. H\u00e4n opettaa Kuopion konservatorion Suonenjoen toimipisteess\u00e4 pianonsoittoa ja muha-aineita. Vapaa-ajalla Lean voi n\u00e4hd\u00e4 esim. neulomassa, sienimets\u00e4ss\u00e4 tai (penkki)urheilemassa.<\/p>\n","protected":false},"author":1,"featured_media":0,"parent":30,"menu_order":0,"comment_status":"closed","ping_status":"closed","template":"","meta":{"footnotes":""},"class_list":["post-479","page","type-page","status-publish","hentry"],"_links":{"self":[{"href":"https:\/\/www.harjulanmusiikkileiri.fi\/index.php?rest_route=\/wp\/v2\/pages\/479","targetHints":{"allow":["GET"]}}],"collection":[{"href":"https:\/\/www.harjulanmusiikkileiri.fi\/index.php?rest_route=\/wp\/v2\/pages"}],"about":[{"href":"https:\/\/www.harjulanmusiikkileiri.fi\/index.php?rest_route=\/wp\/v2\/types\/page"}],"author":[{"embeddable":true,"href":"https:\/\/www.harjulanmusiikkileiri.fi\/index.php?rest_route=\/wp\/v2\/users\/1"}],"replies":[{"embeddable":true,"href":"https:\/\/www.harjulanmusiikkileiri.fi\/index.php?rest_route=%2Fwp%2Fv2%2Fcomments&post=479"}],"version-history":[{"count":4,"href":"https:\/\/www.harjulanmusiikkileiri.fi\/index.php?rest_route=\/wp\/v2\/pages\/479\/revisions"}],"predecessor-version":[{"id":499,"href":"https:\/\/www.harjulanmusiikkileiri.fi\/index.php?rest_route=\/wp\/v2\/pages\/479\/revisions\/499"}],"up":[{"embeddable":true,"href":"https:\/\/www.harjulanmusiikkileiri.fi\/index.php?rest_route=\/wp\/v2\/pages\/30"}],"wp:attachment":[{"href":"https:\/\/www.harjulanmusiikkileiri.fi\/index.php?rest_route=%2Fwp%2Fv2%2Fmedia&parent=479"}],"curies":[{"name":"wp","href":"https:\/\/api.w.org\/{rel}","templated":true}]}}