{"id":33,"date":"2017-05-22T11:23:05","date_gmt":"2017-05-22T11:23:05","guid":{"rendered":"http:\/\/www.harjulanmusiikkileiri.fi\/?page_id=33"},"modified":"2025-03-19T13:43:27","modified_gmt":"2025-03-19T11:43:27","slug":"etusivu","status":"publish","type":"page","link":"https:\/\/www.harjulanmusiikkileiri.fi\/","title":{"rendered":"Tervetuloa Harjulan musiikkileirin sivuille!"},"content":{"rendered":"\n<p>Harjulan musiikkileiri j\u00e4rjestet\u00e4\u00e4n kes\u00e4ll\u00e4 2025 jo 55. kertaa! Harjulan leirikeskus sijaitsee Lepp\u00e4virralla luonnonkauniissa ymp\u00e4rist\u00f6ss\u00e4 j\u00e4rven rannalla, joten puitteet kes\u00e4iselle musisoinnille ovat erinomaiset!<\/p>\n\n\n\n<p>Tulevan kes\u00e4n leiri alkaa <strong>maanantaina<\/strong><strong> 7.7. <\/strong><strong>ja p\u00e4\u00e4ttyy lauantaina 12.7.<\/strong> klo 13 alkavaan p\u00e4\u00e4t\u00f6skonserttiin.<br>Voit k\u00e4yd\u00e4 tutustumassa leiriin my\u00f6s <a href=\"https:\/\/www.facebook.com\/harjulanmusiikkileiri\">facebookissa<\/a> ja instagramissa.<\/p>\n\n\n\n<p>Opetusta saa t\u00e4ll\u00e4 hetkell\u00e4 seuraavissa soittimissa: piano, viulu, alttoviulu, sello, kontrabasso, huilu, oboe, klarinetti, saksofoni, k\u00e4yr\u00e4torvi, trumpetti, pasuuna ja yksinlaulu. Kysy rohkeasti mahdollisuutta my\u00f6s muiden soittimien opetukseen.<\/p>\n\n\n\n<p>Leirip\u00e4iv\u00e4 sis\u00e4lt\u00e4\u00e4 soittotunnin, orkesterin\/yhteismusisointia, leirikuoron, uintia ja muutamina iltoina on mahdollisuus saunoa leirikeskuksen hienossa rantasaunassa. My\u00f6s jalkapallokentt\u00e4 on ollut leiril\u00e4isten suuressa suosiossa!<\/p>\n\n\n\n<p>J\u00e4rjest\u00e4mme my\u00f6s<strong> musiikkikurssin aikuisille musiikin harrastajille<\/strong> leirin yhteydess\u00e4. Soittotunnit j\u00e4rjestetet\u00e4\u00e4n sopimuksen mukaan, voit tulla siis vaikka ty\u00f6p\u00e4iv\u00e4n j\u00e4lkeen harrastamaan musiikkia. Soittotuntien lis\u00e4ksi kurssilaiset voivat osallistua my\u00f6s orkesteriin, joka harjoittelee tiistai- ja torstai-iltoina sek\u00e4 lauantaina ennen p\u00e4\u00e4t\u00f6skonserttia. Olit sitten pidemp\u00e4\u00e4n musiikkia harrastanut tai vasta-alkaja, olet l\u00e4mpim\u00e4sti tervetullut kurssille mukaan!<\/p>\n\n\n\n<p><strong>Nyt vaan ilmoittautumaan! \ud83d\ude42<\/strong><\/p>\n\n\n\n<p>P\u00e4ivit\u00e4mme lis\u00e4tietoa leirin aikatauluista kev\u00e4\u00e4n mittaan.&nbsp;<\/p>\n\n\n\n<figure class=\"wp-block-image size-full is-resized\"><img loading=\"lazy\" decoding=\"async\" width=\"960\" height=\"960\" src=\"https:\/\/www.harjulanmusiikkileiri.fi\/wp-content\/uploads\/2025\/03\/harjulakuva.jpg\" alt=\"\" class=\"wp-image-492\" style=\"width:491px;height:auto\" srcset=\"https:\/\/www.harjulanmusiikkileiri.fi\/wp-content\/uploads\/2025\/03\/harjulakuva.jpg 960w, https:\/\/www.harjulanmusiikkileiri.fi\/wp-content\/uploads\/2025\/03\/harjulakuva-300x300.jpg 300w, https:\/\/www.harjulanmusiikkileiri.fi\/wp-content\/uploads\/2025\/03\/harjulakuva-150x150.jpg 150w, https:\/\/www.harjulanmusiikkileiri.fi\/wp-content\/uploads\/2025\/03\/harjulakuva-768x768.jpg 768w, https:\/\/www.harjulanmusiikkileiri.fi\/wp-content\/uploads\/2025\/03\/harjulakuva-100x100.jpg 100w\" sizes=\"auto, (max-width: 767px) 89vw, (max-width: 1000px) 54vw, (max-width: 1071px) 543px, 580px\" \/><\/figure>\n\n\n\n<p><\/p>\n","protected":false},"excerpt":{"rendered":"<p>Harjulan musiikkileiri j\u00e4rjestet\u00e4\u00e4n kes\u00e4ll\u00e4 2025 jo 55. kertaa! Harjulan leirikeskus sijaitsee Lepp\u00e4virralla luonnonkauniissa ymp\u00e4rist\u00f6ss\u00e4 j\u00e4rven rannalla, joten puitteet kes\u00e4iselle musisoinnille ovat erinomaiset! Tulevan kes\u00e4n leiri alkaa maanantaina 7.7. ja p\u00e4\u00e4ttyy lauantaina 12.7. klo 13 alkavaan p\u00e4\u00e4t\u00f6skonserttiin.Voit k\u00e4yd\u00e4 tutustumassa leiriin my\u00f6s facebookissa ja instagramissa. Opetusta saa t\u00e4ll\u00e4 hetkell\u00e4 seuraavissa soittimissa: piano, viulu, alttoviulu, sello, kontrabasso, huilu, &hellip; <\/p>\n<p class=\"link-more\"><a href=\"https:\/\/www.harjulanmusiikkileiri.fi\/\" class=\"more-link\">Jatka lukemista<span class=\"screen-reader-text\"> &#8221;Tervetuloa Harjulan musiikkileirin sivuille!&#8221;<\/span><\/a><\/p>\n","protected":false},"author":1,"featured_media":0,"parent":0,"menu_order":0,"comment_status":"closed","ping_status":"closed","template":"","meta":{"footnotes":""},"class_list":["post-33","page","type-page","status-publish","hentry"],"_links":{"self":[{"href":"https:\/\/www.harjulanmusiikkileiri.fi\/index.php?rest_route=\/wp\/v2\/pages\/33","targetHints":{"allow":["GET"]}}],"collection":[{"href":"https:\/\/www.harjulanmusiikkileiri.fi\/index.php?rest_route=\/wp\/v2\/pages"}],"about":[{"href":"https:\/\/www.harjulanmusiikkileiri.fi\/index.php?rest_route=\/wp\/v2\/types\/page"}],"author":[{"embeddable":true,"href":"https:\/\/www.harjulanmusiikkileiri.fi\/index.php?rest_route=\/wp\/v2\/users\/1"}],"replies":[{"embeddable":true,"href":"https:\/\/www.harjulanmusiikkileiri.fi\/index.php?rest_route=%2Fwp%2Fv2%2Fcomments&post=33"}],"version-history":[{"count":39,"href":"https:\/\/www.harjulanmusiikkileiri.fi\/index.php?rest_route=\/wp\/v2\/pages\/33\/revisions"}],"predecessor-version":[{"id":494,"href":"https:\/\/www.harjulanmusiikkileiri.fi\/index.php?rest_route=\/wp\/v2\/pages\/33\/revisions\/494"}],"wp:attachment":[{"href":"https:\/\/www.harjulanmusiikkileiri.fi\/index.php?rest_route=%2Fwp%2Fv2%2Fmedia&parent=33"}],"curies":[{"name":"wp","href":"https:\/\/api.w.org\/{rel}","templated":true}]}}