{"id":30,"date":"2017-05-22T11:22:46","date_gmt":"2017-05-22T11:22:46","guid":{"rendered":"http:\/\/www.harjulanmusiikkileiri.fi\/?page_id=30"},"modified":"2025-03-21T18:35:23","modified_gmt":"2025-03-21T16:35:23","slug":"oppiaineet-ja-opettajat","status":"publish","type":"page","link":"https:\/\/www.harjulanmusiikkileiri.fi\/?page_id=30","title":{"rendered":"Opettajat 2025"},"content":{"rendered":"<p><strong>Laulu<\/strong><br \/><a href=\"https:\/\/www.harjulanmusiikkileiri.fi\/?page_id=131\">Marja-Liisa Koponen<\/a><\/p>\n<p><strong>Piano<br \/><\/strong><a href=\"https:\/\/www.harjulanmusiikkileiri.fi\/?page_id=479\">Lea J\u00e4rvel\u00e4inen<\/a><\/p>\n<p><strong>Viulu, alttoviulu:<br \/><\/strong><a href=\"https:\/\/www.harjulanmusiikkileiri.fi\/?page_id=162\">Johanna Koponen<\/a><br \/><a href=\"https:\/\/www.harjulanmusiikkileiri.fi\/?page_id=126\">Timo Koponen<\/a><br \/><a href=\"https:\/\/www.harjulanmusiikkileiri.fi\/?page_id=131\">Marja-Liisa Koponen<\/a><\/p>\n<p><strong>Sello<br \/><\/strong><a href=\"https:\/\/www.harjulanmusiikkileiri.fi\/?page_id=495\">Laura Muona<\/a><\/p>\n<p><strong>Kontrabasso, k\u00e4yr\u00e4torvi &amp; muut vaskipuhaltimet:<\/strong><br \/><a href=\"https:\/\/www.harjulanmusiikkileiri.fi\/?page_id=101\">Ville Koponen<\/a><\/p>\n<p><strong>Huilu<br \/><\/strong><a href=\"https:\/\/www.harjulanmusiikkileiri.fi\/?page_id=436\">Tanja Kettum\u00e4ki<\/a><\/p>\n<p><strong>Klarinetti, saksofoni<br \/><\/strong><a href=\"https:\/\/www.harjulanmusiikkileiri.fi\/?page_id=413\">Minea Suhonen<\/a><\/p>\n<p>Leirill\u00e4 voi aloittaa soitonopiskelun!<\/p>\n<p>Jos et l\u00f6yd\u00e4 omaa soitintasi valikoimasta, mutta olet kiinnostunut tulemaan mukaan, ota yhteytt\u00e4 harjulanmusiikkileiri[a]gmail.com. Voimme mahdollisesti j\u00e4rjest\u00e4\u00e4 opetusta my\u00f6s soittimessasi.<\/p>\n\n\n<p><\/p>\n","protected":false},"excerpt":{"rendered":"<p>LauluMarja-Liisa Koponen PianoLea J\u00e4rvel\u00e4inen Viulu, alttoviulu:Johanna KoponenTimo KoponenMarja-Liisa Koponen SelloLaura Muona Kontrabasso, k\u00e4yr\u00e4torvi &amp; muut vaskipuhaltimet:Ville Koponen HuiluTanja Kettum\u00e4ki Klarinetti, saksofoniMinea Suhonen Leirill\u00e4 voi aloittaa soitonopiskelun! Jos et l\u00f6yd\u00e4 omaa soitintasi valikoimasta, mutta olet kiinnostunut tulemaan mukaan, ota yhteytt\u00e4 harjulanmusiikkileiri[a]gmail.com. Voimme mahdollisesti j\u00e4rjest\u00e4\u00e4 opetusta my\u00f6s soittimessasi.<\/p>\n","protected":false},"author":1,"featured_media":0,"parent":0,"menu_order":0,"comment_status":"closed","ping_status":"closed","template":"","meta":{"footnotes":""},"class_list":["post-30","page","type-page","status-publish","hentry"],"_links":{"self":[{"href":"https:\/\/www.harjulanmusiikkileiri.fi\/index.php?rest_route=\/wp\/v2\/pages\/30","targetHints":{"allow":["GET"]}}],"collection":[{"href":"https:\/\/www.harjulanmusiikkileiri.fi\/index.php?rest_route=\/wp\/v2\/pages"}],"about":[{"href":"https:\/\/www.harjulanmusiikkileiri.fi\/index.php?rest_route=\/wp\/v2\/types\/page"}],"author":[{"embeddable":true,"href":"https:\/\/www.harjulanmusiikkileiri.fi\/index.php?rest_route=\/wp\/v2\/users\/1"}],"replies":[{"embeddable":true,"href":"https:\/\/www.harjulanmusiikkileiri.fi\/index.php?rest_route=%2Fwp%2Fv2%2Fcomments&post=30"}],"version-history":[{"count":63,"href":"https:\/\/www.harjulanmusiikkileiri.fi\/index.php?rest_route=\/wp\/v2\/pages\/30\/revisions"}],"predecessor-version":[{"id":505,"href":"https:\/\/www.harjulanmusiikkileiri.fi\/index.php?rest_route=\/wp\/v2\/pages\/30\/revisions\/505"}],"wp:attachment":[{"href":"https:\/\/www.harjulanmusiikkileiri.fi\/index.php?rest_route=%2Fwp%2Fv2%2Fmedia&parent=30"}],"curies":[{"name":"wp","href":"https:\/\/api.w.org\/{rel}","templated":true}]}}