{"id":131,"date":"2018-03-18T22:48:49","date_gmt":"2018-03-18T20:48:49","guid":{"rendered":"http:\/\/www.harjulanmusiikkileiri.fi\/?page_id=131"},"modified":"2018-03-25T19:32:34","modified_gmt":"2018-03-25T16:32:34","slug":"marja-liisa-koponen","status":"publish","type":"page","link":"https:\/\/www.harjulanmusiikkileiri.fi\/?page_id=131","title":{"rendered":"Marja-Liisa Koponen"},"content":{"rendered":"<p><img loading=\"lazy\" decoding=\"async\" class=\"wp-image-132 alignnone\" src=\"https:\/\/www.harjulanmusiikkileiri.fi\/wp-content\/uploads\/2018\/03\/malla-1013x1024.png\" alt=\"\" width=\"224\" height=\"226\" srcset=\"https:\/\/www.harjulanmusiikkileiri.fi\/wp-content\/uploads\/2018\/03\/malla-1013x1024.png 1013w, https:\/\/www.harjulanmusiikkileiri.fi\/wp-content\/uploads\/2018\/03\/malla-150x150.png 150w, https:\/\/www.harjulanmusiikkileiri.fi\/wp-content\/uploads\/2018\/03\/malla-297x300.png 297w, https:\/\/www.harjulanmusiikkileiri.fi\/wp-content\/uploads\/2018\/03\/malla-768x777.png 768w, https:\/\/www.harjulanmusiikkileiri.fi\/wp-content\/uploads\/2018\/03\/malla.png 1069w\" sizes=\"auto, (max-width: 224px) 100vw, 224px\" \/><\/p>\n<p style=\"font-weight: 400;\">Marja-Liisa &#8221;Malla&#8221; Koponen on kuopiolainen musiikkipedagogi (YAMK); musiikinohjaaja, laulun-, viulunsoiton- ja musiikinperusteiden opettaja.<\/p>\n<p style=\"font-weight: 400;\">Malla esiintyy ahkerasti laulajana ja alttoviulistina erilaisissa kokoonpanoissa ja orkestereissa.<\/p>\n<p style=\"font-weight: 400;\">Erityisesti syd\u00e4nt\u00e4 l\u00e4hell\u00e4 ovat laulu-ja musiikkituokioiden pit\u00e4miset niin lapsille, aikuisille kuin ik\u00e4ihmisillekin.<\/p>\n<p style=\"font-weight: 400;\">Harjulassa Malla vet\u00e4\u00e4 kuoroa sek\u00e4 opettaa laulua ja mupe-aineita.<\/p>\n<p>&nbsp;<\/p>\n","protected":false},"excerpt":{"rendered":"<p>Marja-Liisa &#8221;Malla&#8221; Koponen on kuopiolainen musiikkipedagogi (YAMK); musiikinohjaaja, laulun-, viulunsoiton- ja musiikinperusteiden opettaja. Malla esiintyy ahkerasti laulajana ja alttoviulistina erilaisissa kokoonpanoissa ja orkestereissa. Erityisesti syd\u00e4nt\u00e4 l\u00e4hell\u00e4 ovat laulu-ja musiikkituokioiden pit\u00e4miset niin lapsille, aikuisille kuin ik\u00e4ihmisillekin. Harjulassa Malla vet\u00e4\u00e4 kuoroa sek\u00e4 opettaa laulua ja mupe-aineita. &nbsp;<\/p>\n","protected":false},"author":1,"featured_media":0,"parent":30,"menu_order":0,"comment_status":"closed","ping_status":"closed","template":"","meta":{"footnotes":""},"class_list":["post-131","page","type-page","status-publish","hentry"],"_links":{"self":[{"href":"https:\/\/www.harjulanmusiikkileiri.fi\/index.php?rest_route=\/wp\/v2\/pages\/131","targetHints":{"allow":["GET"]}}],"collection":[{"href":"https:\/\/www.harjulanmusiikkileiri.fi\/index.php?rest_route=\/wp\/v2\/pages"}],"about":[{"href":"https:\/\/www.harjulanmusiikkileiri.fi\/index.php?rest_route=\/wp\/v2\/types\/page"}],"author":[{"embeddable":true,"href":"https:\/\/www.harjulanmusiikkileiri.fi\/index.php?rest_route=\/wp\/v2\/users\/1"}],"replies":[{"embeddable":true,"href":"https:\/\/www.harjulanmusiikkileiri.fi\/index.php?rest_route=%2Fwp%2Fv2%2Fcomments&post=131"}],"version-history":[{"count":4,"href":"https:\/\/www.harjulanmusiikkileiri.fi\/index.php?rest_route=\/wp\/v2\/pages\/131\/revisions"}],"predecessor-version":[{"id":152,"href":"https:\/\/www.harjulanmusiikkileiri.fi\/index.php?rest_route=\/wp\/v2\/pages\/131\/revisions\/152"}],"up":[{"embeddable":true,"href":"https:\/\/www.harjulanmusiikkileiri.fi\/index.php?rest_route=\/wp\/v2\/pages\/30"}],"wp:attachment":[{"href":"https:\/\/www.harjulanmusiikkileiri.fi\/index.php?rest_route=%2Fwp%2Fv2%2Fmedia&parent=131"}],"curies":[{"name":"wp","href":"https:\/\/api.w.org\/{rel}","templated":true}]}}